{"id":299,"date":"2016-11-04T11:50:35","date_gmt":"2016-11-04T10:50:35","guid":{"rendered":"https:\/\/www1.montpellier.inra.fr\/wp-inra\/jasminn\/?page_id=299"},"modified":"2020-09-25T12:33:11","modified_gmt":"2020-09-25T11:33:11","slug":"jeu-de-role","status":"publish","type":"page","link":"https:\/\/www1.montpellier.inra.fr\/wp-inra\/jasminn\/jeu-de-role\/","title":{"rendered":"Jeu de r\u00f4le"},"content":{"rendered":"<p><img loading=\"lazy\" decoding=\"async\" class=\"aligncenter size-medium wp-image-352\" src=\"https:\/\/www1.montpellier.inra.fr\/wp-inra\/jasminn\/wp-content\/uploads\/sites\/6\/2016\/11\/logo-terres-en-jeu-300x202.jpg\" alt=\"\" width=\"300\" height=\"202\" srcset=\"https:\/\/www1.montpellier.inra.fr\/wp-inra\/jasminn\/wp-content\/uploads\/sites\/6\/2016\/11\/logo-terres-en-jeu-300x202.jpg 300w, https:\/\/www1.montpellier.inra.fr\/wp-inra\/jasminn\/wp-content\/uploads\/sites\/6\/2016\/11\/logo-terres-en-jeu-768x518.jpg 768w, https:\/\/www1.montpellier.inra.fr\/wp-inra\/jasminn\/wp-content\/uploads\/sites\/6\/2016\/11\/logo-terres-en-jeu-624x421.jpg 624w, https:\/\/www1.montpellier.inra.fr\/wp-inra\/jasminn\/wp-content\/uploads\/sites\/6\/2016\/11\/logo-terres-en-jeu.jpg 931w\" sizes=\"auto, (max-width: 300px) 100vw, 300px\" \/><\/p>\n<p><strong><em>Comment les agriculteurs acc\u00e8dent-ils au foncier\u00a0?<\/em><\/strong><\/p>\n<p><strong><em>Comment les communes m\u00e8nent-elles de front politique d\u2019urbanisme et soutien \u00e0 l\u2019agriculture locale\u00a0? <\/em><\/strong><\/p>\n<p><strong><em>Quelles sont les cons\u00e9quences de la pression fonci\u00e8re sur l\u2019activit\u00e9 agricole? <\/em><\/strong><\/p>\n<p><strong><em>Quel est l\u2019avenir de l\u2019agriculture en p\u00e9riurbain\u00a0? <\/em><\/strong><\/p>\n<p><img loading=\"lazy\" decoding=\"async\" class=\"aligncenter size-medium wp-image-345\" src=\"https:\/\/www1.montpellier.inra.fr\/wp-inra\/jasminn\/wp-content\/uploads\/sites\/6\/2016\/11\/20170213-JeuFoncier-FRW-15-300x200.jpg\" alt=\"\" width=\"300\" height=\"200\" srcset=\"https:\/\/www1.montpellier.inra.fr\/wp-inra\/jasminn\/wp-content\/uploads\/sites\/6\/2016\/11\/20170213-JeuFoncier-FRW-15-300x200.jpg 300w, https:\/\/www1.montpellier.inra.fr\/wp-inra\/jasminn\/wp-content\/uploads\/sites\/6\/2016\/11\/20170213-JeuFoncier-FRW-15-768x512.jpg 768w, https:\/\/www1.montpellier.inra.fr\/wp-inra\/jasminn\/wp-content\/uploads\/sites\/6\/2016\/11\/20170213-JeuFoncier-FRW-15-1024x683.jpg 1024w, https:\/\/www1.montpellier.inra.fr\/wp-inra\/jasminn\/wp-content\/uploads\/sites\/6\/2016\/11\/20170213-JeuFoncier-FRW-15-624x416.jpg 624w\" sizes=\"auto, (max-width: 300px) 100vw, 300px\" \/><\/p>\n<p>En mettant en situation des <strong>agriculteurs<\/strong>, <strong>des propri\u00e9taires fonciers<\/strong>, <strong>un maire<\/strong> et un <strong>promoteur immobilier<\/strong>, ce jeu de r\u00f4le a pour objectif de <strong>mieux comprendre les dynamiques agricoles dans les territoires sous pression fonci\u00e8re<\/strong>.<\/p>\n<p>L\u2019action se d\u00e9roule dans une commune p\u00e9riurbaine fictive situ\u00e9e dans le sud de la France \u00e0 proximit\u00e9 d\u2019une ville de 500\u00a0000 habitants en forte croissance.<\/p>\n<p>Les joueurs n\u00e9gocient entre eux <strong>la vente, la location ou le pr\u00eat de parcelles<\/strong> afin de remplir leurs objectifs, sp\u00e9cifiques pour chaque joueur.<\/p>\n<p><img loading=\"lazy\" decoding=\"async\" class=\"aligncenter size-medium wp-image-344\" src=\"https:\/\/www1.montpellier.inra.fr\/wp-inra\/jasminn\/wp-content\/uploads\/sites\/6\/2016\/11\/20170213-Jeufoncier-CLDR-CCATM-Attert-24-300x225.jpg\" alt=\"\" width=\"300\" height=\"225\" srcset=\"https:\/\/www1.montpellier.inra.fr\/wp-inra\/jasminn\/wp-content\/uploads\/sites\/6\/2016\/11\/20170213-Jeufoncier-CLDR-CCATM-Attert-24-300x225.jpg 300w, https:\/\/www1.montpellier.inra.fr\/wp-inra\/jasminn\/wp-content\/uploads\/sites\/6\/2016\/11\/20170213-Jeufoncier-CLDR-CCATM-Attert-24-768x577.jpg 768w, https:\/\/www1.montpellier.inra.fr\/wp-inra\/jasminn\/wp-content\/uploads\/sites\/6\/2016\/11\/20170213-Jeufoncier-CLDR-CCATM-Attert-24-1024x769.jpg 1024w, https:\/\/www1.montpellier.inra.fr\/wp-inra\/jasminn\/wp-content\/uploads\/sites\/6\/2016\/11\/20170213-Jeufoncier-CLDR-CCATM-Attert-24-624x469.jpg 624w\" sizes=\"auto, (max-width: 300px) 100vw, 300px\" \/>La partie se d\u00e9roule en quatre tours repr\u00e9sentant les <strong>quatre ann\u00e9es d\u2019\u00e9laboration du plan local d\u2019urbanisme,<\/strong> soit une p\u00e9riode d\u2019incertitude quant \u00e0 la constructibilit\u00e9 des parcelles de la commune.<\/p>\n<p><strong>Publics<\/strong>\u00a0: ce jeu se veut tout public \u00e0 partir de 15 ans mais il est particuli\u00e8rement adapt\u00e9 aux \u00e9tudiants en sciences sociales (notamment en g\u00e9ographie), aux \u00e9tudiants en \u00e9cole d\u2019agronomie, aux \u00e9lus et aux agents de d\u00e9veloppement en charge de l\u2019urbanisme, de l\u2019agriculture ou de l\u2019environnement.<\/p>\n<p><strong>Nombre de joueurs<\/strong>\u00a0: entre 10 et 24 joueurs<\/p>\n<p><strong>Animateur\u00a0:<\/strong> obligatoire<\/p>\n<p><strong>D\u00e9roul\u00e9<\/strong>\u00a0: le jeu se d\u00e9roule en quatre phases\u00a0:<\/p>\n<ul>\n<li>Explication des r\u00e8gles<\/li>\n<li>Jeu\u00a0: quatre tours de n\u00e9gociation<\/li>\n<li>Ev\u00e8nements de fin de partie\u00a0: stabilisation du plan d\u2019urbanisme et \u00e9lections municipales<\/li>\n<li>D\u00e9briefing\u00a0: retour sur le d\u00e9roul\u00e9 de la partie, mise en lien avec la r\u00e9alit\u00e9 de terrain, d\u00e9bat autour des questions que le jeu soul\u00e8ve<\/li>\n<\/ul>\n<p><img loading=\"lazy\" decoding=\"async\" class=\"aligncenter size-medium wp-image-346\" src=\"https:\/\/www1.montpellier.inra.fr\/wp-inra\/jasminn\/wp-content\/uploads\/sites\/6\/2016\/11\/20170213-Jeufoncier-CLDR-CCATM-Attert-11-300x225.jpg\" alt=\"\" width=\"300\" height=\"225\" srcset=\"https:\/\/www1.montpellier.inra.fr\/wp-inra\/jasminn\/wp-content\/uploads\/sites\/6\/2016\/11\/20170213-Jeufoncier-CLDR-CCATM-Attert-11-300x225.jpg 300w, https:\/\/www1.montpellier.inra.fr\/wp-inra\/jasminn\/wp-content\/uploads\/sites\/6\/2016\/11\/20170213-Jeufoncier-CLDR-CCATM-Attert-11-768x577.jpg 768w, https:\/\/www1.montpellier.inra.fr\/wp-inra\/jasminn\/wp-content\/uploads\/sites\/6\/2016\/11\/20170213-Jeufoncier-CLDR-CCATM-Attert-11-1024x769.jpg 1024w, https:\/\/www1.montpellier.inra.fr\/wp-inra\/jasminn\/wp-content\/uploads\/sites\/6\/2016\/11\/20170213-Jeufoncier-CLDR-CCATM-Attert-11-624x469.jpg 624w\" sizes=\"auto, (max-width: 300px) 100vw, 300px\" \/><\/p>\n<p><strong>Les joueurs :<\/strong><\/p>\n<p><strong>Le maire<\/strong> doit \u00e9laborer la politique d\u2019urbanisme, soutenir l\u2019agriculture locale et assurer sa r\u00e9\u00e9lection.<\/p>\n<p><strong>Le promoteur<\/strong> veut se constituer une r\u00e9serve fonci\u00e8re pour les futures constructions r\u00e9sidentielles.<\/p>\n<p><strong>Les agriculteurs<\/strong> : Un viticulteur veut s\u2019agrandir, un mara\u00eecher veut s\u2019installer, un \u00e9leveur veut p\u00e9renniser son activit\u00e9 et un c\u00e9r\u00e9alier veut trouver de nouvelles terres \u00e0 cultiver.<\/p>\n<p><strong>Les propri\u00e9taires fonciers : <\/strong>Ils veulent garder la main sur leur capital foncier ou prot\u00e9ger les espaces agricoles de l\u2019urbanisation. Ils veulent vendre leur capital foncier au meilleur prix ou aider leur enfant \u00e0 s\u2019installer\u00a0!<\/p>\n<p><em><img loading=\"lazy\" decoding=\"async\" class=\"aligncenter size-medium wp-image-347\" src=\"https:\/\/www1.montpellier.inra.fr\/wp-inra\/jasminn\/wp-content\/uploads\/sites\/6\/2016\/11\/20170213-Jeufoncier-CLDR-CCATM-Attert-33-300x225.jpg\" alt=\"\" width=\"300\" height=\"225\" srcset=\"https:\/\/www1.montpellier.inra.fr\/wp-inra\/jasminn\/wp-content\/uploads\/sites\/6\/2016\/11\/20170213-Jeufoncier-CLDR-CCATM-Attert-33-300x225.jpg 300w, https:\/\/www1.montpellier.inra.fr\/wp-inra\/jasminn\/wp-content\/uploads\/sites\/6\/2016\/11\/20170213-Jeufoncier-CLDR-CCATM-Attert-33-768x577.jpg 768w, https:\/\/www1.montpellier.inra.fr\/wp-inra\/jasminn\/wp-content\/uploads\/sites\/6\/2016\/11\/20170213-Jeufoncier-CLDR-CCATM-Attert-33-1024x769.jpg 1024w, https:\/\/www1.montpellier.inra.fr\/wp-inra\/jasminn\/wp-content\/uploads\/sites\/6\/2016\/11\/20170213-Jeufoncier-CLDR-CCATM-Attert-33-624x469.jpg 624w\" sizes=\"auto, (max-width: 300px) 100vw, 300px\" \/><\/em><\/p>\n<p>Pour toute information compl\u00e9mentaire sur le jeu, proposition pour le mettre en oeuvre dans votre classe ou lors d&#8217;un \u00e9v\u00e8nement que vous organisez, contacter Camille CLEMENT : camilleleilaclement@gmail.com<\/p>\n","protected":false},"excerpt":{"rendered":"<p>Comment les agriculteurs acc\u00e8dent-ils au foncier\u00a0? Comment les communes m\u00e8nent-elles de front politique d\u2019urbanisme et soutien \u00e0 l\u2019agriculture locale\u00a0? Quelles sont les cons\u00e9quences de la pression fonci\u00e8re sur l\u2019activit\u00e9 agricole? Quel est l\u2019avenir de l\u2019agriculture en p\u00e9riurbain\u00a0? En mettant en situation des agriculteurs, des propri\u00e9taires fonciers, un maire et un promoteur immobilier, ce jeu de [&hellip;]<\/p>\n","protected":false},"author":8,"featured_media":0,"parent":0,"menu_order":0,"comment_status":"closed","ping_status":"closed","template":"","meta":{"footnotes":""},"class_list":["post-299","page","type-page","status-publish","hentry"],"_links":{"self":[{"href":"https:\/\/www1.montpellier.inra.fr\/wp-inra\/jasminn\/wp-json\/wp\/v2\/pages\/299","targetHints":{"allow":["GET"]}}],"collection":[{"href":"https:\/\/www1.montpellier.inra.fr\/wp-inra\/jasminn\/wp-json\/wp\/v2\/pages"}],"about":[{"href":"https:\/\/www1.montpellier.inra.fr\/wp-inra\/jasminn\/wp-json\/wp\/v2\/types\/page"}],"author":[{"embeddable":true,"href":"https:\/\/www1.montpellier.inra.fr\/wp-inra\/jasminn\/wp-json\/wp\/v2\/users\/8"}],"replies":[{"embeddable":true,"href":"https:\/\/www1.montpellier.inra.fr\/wp-inra\/jasminn\/wp-json\/wp\/v2\/comments?post=299"}],"version-history":[{"count":10,"href":"https:\/\/www1.montpellier.inra.fr\/wp-inra\/jasminn\/wp-json\/wp\/v2\/pages\/299\/revisions"}],"predecessor-version":[{"id":417,"href":"https:\/\/www1.montpellier.inra.fr\/wp-inra\/jasminn\/wp-json\/wp\/v2\/pages\/299\/revisions\/417"}],"wp:attachment":[{"href":"https:\/\/www1.montpellier.inra.fr\/wp-inra\/jasminn\/wp-json\/wp\/v2\/media?parent=299"}],"curies":[{"name":"wp","href":"https:\/\/api.w.org\/{rel}","templated":true}]}}