{"id":2,"date":"2015-11-30T15:53:27","date_gmt":"2015-11-30T14:53:27","guid":{"rendered":"http:\/\/www1.montpellier.inra.fr\/wp-inra\/jasminn\/?page_id=2"},"modified":"2020-09-25T14:05:15","modified_gmt":"2020-09-25T13:05:15","slug":"page-d-exemple","status":"publish","type":"page","link":"https:\/\/www1.montpellier.inra.fr\/wp-inra\/jasminn\/","title":{"rendered":"Protection du foncier agricole p\u00e9riurbain en M\u00e9diterran\u00e9e : enjeux de justice et innovations fonci\u00e8res"},"content":{"rendered":"<div class=\"entry-content\">\n<p><strong>R\u00e9sum\u00e9 du projet<br \/>\n<\/strong><\/p>\n<p>JASMINN est un projet de recherche pluridisciplinaire (g\u00e9ographie, sociologie, \u00e9conomie, droit) financ\u00e9 par l\u2019Agence nationale de la recherche (ANR) de 2015 \u00e0 2019. Il a rassembl\u00e9 des chercheurs de trois pays m\u00e9diterran\u00e9ens : France, Italie et Alg\u00e9rie.<\/p>\n<p>Le but de JASMINN \u00e9tait de mieux comprendre les conditions de pr\u00e9servation du foncier agricole p\u00e9riurbain en analysant les cons\u00e9quences sociales des politiques fonci\u00e8res et en identifiant des innovations dans les modes de gestion du foncier agricole p\u00e9riurbain.<\/p>\n<p><a href=\"https:\/\/www1.montpellier.inra.fr\/wp-inra\/jasminn\/projet\/\">En savoir plus sur la structure du projet&#8230;<\/a><\/p>\n<p><a href=\"https:\/\/www1.montpellier.inra.fr\/wp-inra\/jasminn\/resultats\/\">Conna\u00eetre les r\u00e9sultats du projet&#8230;<\/a><\/p>\n<p>Une petite vid\u00e9o pour mieux comprendre le projet<\/p>\n<div style=\"width: 625px;\" class=\"wp-video\"><video class=\"wp-video-shortcode\" id=\"video-2-1\" width=\"625\" height=\"352\" preload=\"metadata\" controls=\"controls\"><source type=\"video\/mp4\" src=\"https:\/\/www1.montpellier.inra.fr\/wp-inra\/jasminn\/wp-content\/uploads\/sites\/6\/2015\/11\/film-mp4.mp4?_=1\" \/><a href=\"https:\/\/www1.montpellier.inra.fr\/wp-inra\/jasminn\/wp-content\/uploads\/sites\/6\/2015\/11\/film-mp4.mp4\">https:\/\/www1.montpellier.inra.fr\/wp-inra\/jasminn\/wp-content\/uploads\/sites\/6\/2015\/11\/film-mp4.mp4<\/a><\/video><\/div>\n<p><img loading=\"lazy\" decoding=\"async\" class=\"wp-image-22 alignleft\" src=\"https:\/\/www1.montpellier.inra.fr\/wp-inra\/jasminn\/wp-content\/uploads\/sites\/6\/2015\/12\/anr-logo-300x125.jpg\" alt=\"anr logo\" width=\"100\" height=\"42\" \/><img loading=\"lazy\" decoding=\"async\" class=\"wp-image-24 alignleft\" src=\"https:\/\/www1.montpellier.inra.fr\/wp-inra\/jasminn\/wp-content\/uploads\/sites\/6\/2015\/12\/umr-innovation-logo-300x98.jpg\" alt=\"umr innovation logo\" width=\"136\" height=\"45\" srcset=\"https:\/\/www1.montpellier.inra.fr\/wp-inra\/jasminn\/wp-content\/uploads\/sites\/6\/2015\/12\/umr-innovation-logo-300x98.jpg 300w, https:\/\/www1.montpellier.inra.fr\/wp-inra\/jasminn\/wp-content\/uploads\/sites\/6\/2015\/12\/umr-innovation-logo.jpg 614w\" sizes=\"auto, (max-width: 136px) 100vw, 136px\" \/><\/p>\n<\/div>\n<div class=\"entry-content\">\n<p><a href=\"https:\/\/www1.montpellier.inra.fr\/wp-inra\/jasminn\/wp-content\/uploads\/sites\/6\/2020\/09\/Logo-INRAE_Transparent.png\"><img loading=\"lazy\" decoding=\"async\" class=\"alignnone  wp-image-407\" src=\"https:\/\/www1.montpellier.inra.fr\/wp-inra\/jasminn\/wp-content\/uploads\/sites\/6\/2020\/09\/Logo-INRAE_Transparent.png\" alt=\"\" width=\"144\" height=\"38\" \/><\/a><\/p>\n<\/div>\n","protected":false},"excerpt":{"rendered":"<p>R\u00e9sum\u00e9 du projet JASMINN est un projet de recherche pluridisciplinaire (g\u00e9ographie, sociologie, \u00e9conomie, droit) financ\u00e9 par l\u2019Agence nationale de la recherche (ANR) de 2015 \u00e0 2019. Il a rassembl\u00e9 des chercheurs de trois pays m\u00e9diterran\u00e9ens : France, Italie et Alg\u00e9rie. Le but de JASMINN \u00e9tait de mieux comprendre les conditions de pr\u00e9servation du foncier agricole [&hellip;]<\/p>\n","protected":false},"author":8,"featured_media":204,"parent":0,"menu_order":0,"comment_status":"closed","ping_status":"open","template":"","meta":{"footnotes":""},"class_list":["post-2","page","type-page","status-publish","has-post-thumbnail","hentry"],"_links":{"self":[{"href":"https:\/\/www1.montpellier.inra.fr\/wp-inra\/jasminn\/wp-json\/wp\/v2\/pages\/2","targetHints":{"allow":["GET"]}}],"collection":[{"href":"https:\/\/www1.montpellier.inra.fr\/wp-inra\/jasminn\/wp-json\/wp\/v2\/pages"}],"about":[{"href":"https:\/\/www1.montpellier.inra.fr\/wp-inra\/jasminn\/wp-json\/wp\/v2\/types\/page"}],"author":[{"embeddable":true,"href":"https:\/\/www1.montpellier.inra.fr\/wp-inra\/jasminn\/wp-json\/wp\/v2\/users\/8"}],"replies":[{"embeddable":true,"href":"https:\/\/www1.montpellier.inra.fr\/wp-inra\/jasminn\/wp-json\/wp\/v2\/comments?post=2"}],"version-history":[{"count":23,"href":"https:\/\/www1.montpellier.inra.fr\/wp-inra\/jasminn\/wp-json\/wp\/v2\/pages\/2\/revisions"}],"predecessor-version":[{"id":437,"href":"https:\/\/www1.montpellier.inra.fr\/wp-inra\/jasminn\/wp-json\/wp\/v2\/pages\/2\/revisions\/437"}],"wp:featuredmedia":[{"embeddable":true,"href":"https:\/\/www1.montpellier.inra.fr\/wp-inra\/jasminn\/wp-json\/wp\/v2\/media\/204"}],"wp:attachment":[{"href":"https:\/\/www1.montpellier.inra.fr\/wp-inra\/jasminn\/wp-json\/wp\/v2\/media?parent=2"}],"curies":[{"name":"wp","href":"https:\/\/api.w.org\/{rel}","templated":true}]}}